{"id":127,"date":"2019-05-07T16:25:04","date_gmt":"2019-05-07T14:25:04","guid":{"rendered":"http:\/\/paysdumat.org\/?page_id=127"},"modified":"2019-07-22T11:39:22","modified_gmt":"2019-07-22T09:39:22","slug":"informations","status":"publish","type":"page","link":"https:\/\/paysdumat.org\/index.php\/informations\/","title":{"rendered":"Informations"},"content":{"rendered":"\n<p>Nous d\u00e9clarons l\u2019existence du pays du mat.<\/p>\n\n\n\n<p>Le Pays du Mat est \u00e0 la fois une micro-nation, une \u0153uvre d\u2019art et un syst\u00e8me magique.<\/p>\n\n\n\n<p>Vous trouverez ici les informations publiques relative au pays du Mat.<\/p>\n\n\n\n<p><a href=\"http:\/\/paysdumat.org\/index.php\/constitution\/\">Constitution<\/a> : Grandes lignes de structures<br><a href=\"http:\/\/paysdumat.org\/index.php\/declaration\/\">D\u00e9claration<\/a> : Bref r\u00e9sum\u00e9 du fonctionnement du Pays du Mat<br><a href=\"http:\/\/paysdumat.org\/index.php\/conduites\/\">Conduites<\/a> : Notions changeantes pour parvenir \u00e0 la Table d\u2019Obsidienne<br><a href=\"http:\/\/paysdumat.org\/index.php\/symboles\/\">Symboles<\/a> : Appareils all\u00e9goriques du Pays du Mat<br><a href=\"http:\/\/paysdumat.org\/index.php\/citoyennete\/\">Citoyennet\u00e9<\/a> : Informations relative \u00e0 l\u2019accession \u00e0 la citoyennet\u00e9 du pays du Mat<br><a href=\"http:\/\/paysdumat.org\/index.php\/geographie\/\">Cartographie<\/a> : A venir, carte \u00e9volutive des zones d\u2019influences des Mats<br><a href=\"http:\/\/paysdumat.org\/index.php\/calendrier\/\">Calendrier<\/a> : Quelques rep\u00e8res en ces temps chaotiques<\/p>\n\n\n\n<p><\/p>\n","protected":false},"excerpt":{"rendered":"<p>Nous d\u00e9clarons l\u2019existence du pays du mat. Le Pays du Mat est \u00e0 la fois une micro-nation, une \u0153uvre d\u2019art et un syst\u00e8me magique. Vous trouverez ici les informations publiques relative au pays du Mat. Constitution : Grandes lignes de structuresD\u00e9claration : Bref r\u00e9sum\u00e9 du fonctionnement du Pays du MatConduites : Notions changeantes pour parvenir [&hellip;]<\/p>\n","protected":false},"author":1,"featured_media":0,"parent":0,"menu_order":0,"comment_status":"closed","ping_status":"closed","template":"","meta":{"ocean_post_layout":"full-width","ocean_both_sidebars_style":"","ocean_both_sidebars_content_width":0,"ocean_both_sidebars_sidebars_width":0,"ocean_sidebar":"0","ocean_second_sidebar":"0","ocean_disable_margins":"enable","ocean_add_body_class":"","ocean_shortcode_before_top_bar":"","ocean_shortcode_after_top_bar":"","ocean_shortcode_before_header":"","ocean_shortcode_after_header":"","ocean_has_shortcode":"","ocean_shortcode_after_title":"","ocean_shortcode_before_footer_widgets":"","ocean_shortcode_after_footer_widgets":"","ocean_shortcode_before_footer_bottom":"","ocean_shortcode_after_footer_bottom":"","ocean_display_top_bar":"default","ocean_display_header":"default","ocean_header_style":"","ocean_center_header_left_menu":"0","ocean_custom_header_template":"0","ocean_custom_logo":0,"ocean_custom_retina_logo":0,"ocean_custom_logo_max_width":0,"ocean_custom_logo_tablet_max_width":0,"ocean_custom_logo_mobile_max_width":0,"ocean_custom_logo_max_height":0,"ocean_custom_logo_tablet_max_height":0,"ocean_custom_logo_mobile_max_height":0,"ocean_header_custom_menu":"0","ocean_menu_typo_font_family":"0","ocean_menu_typo_font_subset":"","ocean_menu_typo_font_size":0,"ocean_menu_typo_font_size_tablet":0,"ocean_menu_typo_font_size_mobile":0,"ocean_menu_typo_font_size_unit":"px","ocean_menu_typo_font_weight":"","ocean_menu_typo_font_weight_tablet":"","ocean_menu_typo_font_weight_mobile":"","ocean_menu_typo_transform":"","ocean_menu_typo_transform_tablet":"","ocean_menu_typo_transform_mobile":"","ocean_menu_typo_line_height":0,"ocean_menu_typo_line_height_tablet":0,"ocean_menu_typo_line_height_mobile":0,"ocean_menu_typo_line_height_unit":"","ocean_menu_typo_spacing":0,"ocean_menu_typo_spacing_tablet":0,"ocean_menu_typo_spacing_mobile":0,"ocean_menu_typo_spacing_unit":"","ocean_menu_link_color":"","ocean_menu_link_color_hover":"","ocean_menu_link_color_active":"","ocean_menu_link_background":"","ocean_menu_link_hover_background":"","ocean_menu_link_active_background":"","ocean_menu_social_links_bg":"","ocean_menu_social_hover_links_bg":"","ocean_menu_social_links_color":"","ocean_menu_social_hover_links_color":"","ocean_disable_title":"default","ocean_disable_heading":"default","ocean_post_title":"","ocean_post_subheading":"","ocean_post_title_style":"","ocean_post_title_background_color":"","ocean_post_title_background":0,"ocean_post_title_bg_image_position":"","ocean_post_title_bg_image_attachment":"","ocean_post_title_bg_image_repeat":"","ocean_post_title_bg_image_size":"","ocean_post_title_height":0,"ocean_post_title_bg_overlay":0.5,"ocean_post_title_bg_overlay_color":"","ocean_disable_breadcrumbs":"default","ocean_breadcrumbs_color":"","ocean_breadcrumbs_separator_color":"","ocean_breadcrumbs_links_color":"","ocean_breadcrumbs_links_hover_color":"","ocean_display_footer_widgets":"default","ocean_display_footer_bottom":"default","ocean_custom_footer_template":"0"},"_links":{"self":[{"href":"https:\/\/paysdumat.org\/index.php\/wp-json\/wp\/v2\/pages\/127"}],"collection":[{"href":"https:\/\/paysdumat.org\/index.php\/wp-json\/wp\/v2\/pages"}],"about":[{"href":"https:\/\/paysdumat.org\/index.php\/wp-json\/wp\/v2\/types\/page"}],"author":[{"embeddable":true,"href":"https:\/\/paysdumat.org\/index.php\/wp-json\/wp\/v2\/users\/1"}],"replies":[{"embeddable":true,"href":"https:\/\/paysdumat.org\/index.php\/wp-json\/wp\/v2\/comments?post=127"}],"version-history":[{"count":7,"href":"https:\/\/paysdumat.org\/index.php\/wp-json\/wp\/v2\/pages\/127\/revisions"}],"predecessor-version":[{"id":359,"href":"https:\/\/paysdumat.org\/index.php\/wp-json\/wp\/v2\/pages\/127\/revisions\/359"}],"wp:attachment":[{"href":"https:\/\/paysdumat.org\/index.php\/wp-json\/wp\/v2\/media?parent=127"}],"curies":[{"name":"wp","href":"https:\/\/api.w.org\/{rel}","templated":true}]}}