{"id":116,"date":"2019-05-07T16:09:34","date_gmt":"2019-05-07T14:09:34","guid":{"rendered":"http:\/\/paysdumat.org\/?page_id=116"},"modified":"2019-05-08T12:05:31","modified_gmt":"2019-05-08T10:05:31","slug":"mats","status":"publish","type":"page","link":"https:\/\/paysdumat.org\/index.php\/mats\/","title":{"rendered":"Mats"},"content":{"rendered":"\n<p><em>Masure\ndu Mat Premier, \u00ab&nbsp;Le Physalia&nbsp;\u00bb<\/em><\/p>\n\n\n\n<p>Bois\nde r\u00e9cup\u00e9ration, Torchis, Ossements, Livres, Ingr\u00e9dients et Outils\nvari\u00e9s, Renou\u00e9 du Japon, Clous, Salamandre, 2018<\/p>\n\n\n\n<p>La Masure du Mat est le symbole de son ouverture. D\u00e9corum arch\u00e9typal de l\u2019antre d\u2019un sorcier, la masure sera amen\u00e9e \u00e0 basculer progressivement dans des usages \u00e9sot\u00e9riques modernes. Elle sera en outre le si\u00e8ge des premiers rituels du mat et de l\u2019\u00e9criture de la table d\u2019obsidienne.<\/p>\n","protected":false},"excerpt":{"rendered":"<p>Masure du Mat Premier, \u00ab&nbsp;Le Physalia&nbsp;\u00bb Bois de r\u00e9cup\u00e9ration, Torchis, Ossements, Livres, Ingr\u00e9dients et Outils vari\u00e9s, Renou\u00e9 du Japon, Clous, Salamandre, 2018 La Masure du Mat est le symbole de son ouverture. D\u00e9corum arch\u00e9typal de l\u2019antre d\u2019un sorcier, la masure sera amen\u00e9e \u00e0 basculer progressivement dans des usages \u00e9sot\u00e9riques modernes. Elle sera en outre le [&hellip;]<\/p>\n","protected":false},"author":1,"featured_media":0,"parent":0,"menu_order":0,"comment_status":"closed","ping_status":"closed","template":"","meta":{"ocean_post_layout":"full-width","ocean_both_sidebars_style":"","ocean_both_sidebars_content_width":0,"ocean_both_sidebars_sidebars_width":0,"ocean_sidebar":"0","ocean_second_sidebar":"0","ocean_disable_margins":"enable","ocean_add_body_class":"","ocean_shortcode_before_top_bar":"","ocean_shortcode_after_top_bar":"","ocean_shortcode_before_header":"","ocean_shortcode_after_header":"","ocean_has_shortcode":"","ocean_shortcode_after_title":"","ocean_shortcode_before_footer_widgets":"","ocean_shortcode_after_footer_widgets":"","ocean_shortcode_before_footer_bottom":"","ocean_shortcode_after_footer_bottom":"","ocean_display_top_bar":"default","ocean_display_header":"default","ocean_header_style":"","ocean_center_header_left_menu":"0","ocean_custom_header_template":"0","ocean_custom_logo":0,"ocean_custom_retina_logo":0,"ocean_custom_logo_max_width":0,"ocean_custom_logo_tablet_max_width":0,"ocean_custom_logo_mobile_max_width":0,"ocean_custom_logo_max_height":0,"ocean_custom_logo_tablet_max_height":0,"ocean_custom_logo_mobile_max_height":0,"ocean_header_custom_menu":"0","ocean_menu_typo_font_family":"0","ocean_menu_typo_font_subset":"","ocean_menu_typo_font_size":0,"ocean_menu_typo_font_size_tablet":0,"ocean_menu_typo_font_size_mobile":0,"ocean_menu_typo_font_size_unit":"px","ocean_menu_typo_font_weight":"","ocean_menu_typo_font_weight_tablet":"","ocean_menu_typo_font_weight_mobile":"","ocean_menu_typo_transform":"","ocean_menu_typo_transform_tablet":"","ocean_menu_typo_transform_mobile":"","ocean_menu_typo_line_height":0,"ocean_menu_typo_line_height_tablet":0,"ocean_menu_typo_line_height_mobile":0,"ocean_menu_typo_line_height_unit":"","ocean_menu_typo_spacing":0,"ocean_menu_typo_spacing_tablet":0,"ocean_menu_typo_spacing_mobile":0,"ocean_menu_typo_spacing_unit":"","ocean_menu_link_color":"","ocean_menu_link_color_hover":"","ocean_menu_link_color_active":"","ocean_menu_link_background":"","ocean_menu_link_hover_background":"","ocean_menu_link_active_background":"","ocean_menu_social_links_bg":"","ocean_menu_social_hover_links_bg":"","ocean_menu_social_links_color":"","ocean_menu_social_hover_links_color":"","ocean_disable_title":"default","ocean_disable_heading":"default","ocean_post_title":"","ocean_post_subheading":"","ocean_post_title_style":"","ocean_post_title_background_color":"","ocean_post_title_background":0,"ocean_post_title_bg_image_position":"","ocean_post_title_bg_image_attachment":"","ocean_post_title_bg_image_repeat":"","ocean_post_title_bg_image_size":"","ocean_post_title_height":0,"ocean_post_title_bg_overlay":0.5,"ocean_post_title_bg_overlay_color":"","ocean_disable_breadcrumbs":"default","ocean_breadcrumbs_color":"","ocean_breadcrumbs_separator_color":"","ocean_breadcrumbs_links_color":"","ocean_breadcrumbs_links_hover_color":"","ocean_display_footer_widgets":"default","ocean_display_footer_bottom":"default","ocean_custom_footer_template":"0"},"_links":{"self":[{"href":"https:\/\/paysdumat.org\/index.php\/wp-json\/wp\/v2\/pages\/116"}],"collection":[{"href":"https:\/\/paysdumat.org\/index.php\/wp-json\/wp\/v2\/pages"}],"about":[{"href":"https:\/\/paysdumat.org\/index.php\/wp-json\/wp\/v2\/types\/page"}],"author":[{"embeddable":true,"href":"https:\/\/paysdumat.org\/index.php\/wp-json\/wp\/v2\/users\/1"}],"replies":[{"embeddable":true,"href":"https:\/\/paysdumat.org\/index.php\/wp-json\/wp\/v2\/comments?post=116"}],"version-history":[{"count":3,"href":"https:\/\/paysdumat.org\/index.php\/wp-json\/wp\/v2\/pages\/116\/revisions"}],"predecessor-version":[{"id":193,"href":"https:\/\/paysdumat.org\/index.php\/wp-json\/wp\/v2\/pages\/116\/revisions\/193"}],"wp:attachment":[{"href":"https:\/\/paysdumat.org\/index.php\/wp-json\/wp\/v2\/media?parent=116"}],"curies":[{"name":"wp","href":"https:\/\/api.w.org\/{rel}","templated":true}]}}